{"id":4423,"date":"2021-08-02T15:33:45","date_gmt":"2021-08-02T15:33:45","guid":{"rendered":"http:\/\/xerac.com.mx\/bra\/?page_id=4423"},"modified":"2021-08-02T15:33:46","modified_gmt":"2021-08-02T15:33:46","slug":"terminos-y-condiciones","status":"publish","type":"page","link":"https:\/\/xerac.com.mx\/bra\/contacto\/terminos-y-condiciones\/","title":{"rendered":"Terminos y condiciones"},"content":{"rendered":"\n<p><strong>Terminos y condiciones<\/strong><\/p>\n\n\n\n<p>Comer Bra de RL de CV en lo sucesivo la \u201cEmpresa\u201d, a trav\u00e9s de su p\u00e1gina de Internet denominada www.comerbra.com vender\u00e1 a cualquier persona, quien ser\u00e1 identificada como \u201cUsuario\u201d quien podr\u00e1 adquirir todo tipo de bienes que se encuentren publicados.<\/p>\n\n\n\n<p>P\u00e1gina de Internet de la Empresa: Es el sitio Web de Comer Bra (Comer Bra de RL de CV), bajo la denominaci\u00f3n www.comerbra.com, en el cual Comer Bra publica Ofertas de Venta, en donde se puede registrar el usuario para adquirir los Productos publicados, realizar Pedidos, ponerse en contacto con Comer Bra o en servicio al Cliente a trav\u00e9s del correo electr\u00f3nico soporte@Comer Bra.com, entre otros.<\/p>\n\n\n\n<p>Declaraciones:<\/p>\n\n\n\n<p>Comer Bra declara que es una Empresa legalmente constituida bajo las leyes mexicanas, que tiene todos los permisos necesarios para cumplir su Objeto Social y que no tiene alg\u00fan tipo de impedimento o limitante para cumplir con el mencionado Objeto, que incluye, la celebraci\u00f3n del Contrato.<\/p>\n\n\n\n<p>Comer Bra concede al Usuario una licencia personal limitada, no exclusiva, no transferible, revocable, por plazo indeterminado, conforme a los presentes T\u00e9rminos y Condiciones, para utilizar el Sitio, a fin de avalar, manifestar o interesarse en adquirir y adquirir mediante Oferta de Venta los productos que en la P\u00e1gina se encuentren publicados. La forma de utilizar el Sitio es personal e intransferible.<\/p>\n\n\n\n<p>Comer Bra declara ser propietaria de los Bienes o Productos que se encuentren en las Ofertas de Venta, adem\u00e1s de todos los elementos amparados por normas de propiedad intelectual. Todo lo anterior para efecto del Contrato.<\/p>\n\n\n\n<p>Comer Bra declara que el contenido neto del Producto publicado en la Oferta de Venta corresponde a la Calidad, marca y dem\u00e1s elementos que se se\u00f1alen en la propia Oferta de Venta.<\/p>\n\n\n\n<p>Comer Bra se reserva todos los derechos no expresamente otorgados bajo el presente documento.<\/p>\n\n\n\n<p>Este contrato y cualesquiera derechos y licencias otorgadas aqu\u00ed, no podr\u00e1n ser transferidos o cedidos por el Usuario pero Comer Bra&nbsp;si estar\u00e1 en posibilidad de transferirlos o cederlos sin restricci\u00f3n alguna.<\/p>\n\n\n\n<p>El Usuario acepta T\u00e9rminos y Condiciones y se obliga a todo lo se\u00f1alado en los mismos.<\/p>\n\n\n\n<p>El Usuario est\u00e1 de acuerdo en que las exclusiones de garant\u00eda y limitaciones de responsabilidad establecidas con anterioridad son elementos fundamentales de la base de estos T\u00e9rminos y Condiciones.<\/p>\n\n\n\n<p>El Usuario est\u00e1 consciente de que el tr\u00e1fico de datos que proporciona acceso al Sitio es apoyado por un servicio prestado por la operadora de servicios de telecomunicaciones seleccionada y contratada por el Usuario y que dicha contrataci\u00f3n es totalmente independiente del Sitio.<\/p>\n\n\n\n<p>El Usuario reconoce que las comisiones cobradas por la operadora de servicios de telecomunicaciones de su elecci\u00f3n y los impuestos aplicables pueden afectar el tr\u00e1fico de datos necesarios para eventuales descargas y anuncios de un tercero en el dispositivo.<\/p>\n\n\n\n<p>El Usuario declara y reconoce que el download de cualquier contenido del Sitio no le confiere la propiedad sobre cualesquiera marcas exhibidas en el Sitio.<\/p>\n\n\n\n<p><strong>T\u00e9rmino de Contrato<\/strong><\/p>\n\n\n\n<p>El Contrato termina en el momento que las partes cumplen con sus obligaciones.<\/p>\n\n\n\n<p>Comer Bra&nbsp;podr\u00e1 Terminar anticipadamente el Contrato si:<\/p>\n\n\n\n<ul class=\"wp-block-list\"><li>El Precio no es pagado puntualmente, a cuyo efecto las partes pactan expresamente que la falta de pago total o parcial producir\u00e1 la rescisi\u00f3n de pleno derecho.<\/li><li>El Usuario incumple con cualquiera de las obligaciones asumidas en este documento.<\/li><\/ul>\n\n\n\n<p>Comer Bra podr\u00e1 optar por exigir la ejecuci\u00f3n de su obligaci\u00f3n de pagar el precio o rescindir el Contrato y la indemnizaci\u00f3n, adem\u00e1s podr\u00e1 exigir resarcimiento de da\u00f1os y perjuicios.<\/p>\n\n\n\n<p><strong>Restricciones<\/strong><\/p>\n\n\n\n<p>Cualquier trasgresi\u00f3n a los presentes T\u00e9rminos y Condiciones por parte del Usuario generar\u00e1n el derecho en favor de Comer Bra&nbsp;de, en cualquier momento y sin necesidad de notificaci\u00f3n previa de ning\u00fan tipo, suspender o terminar la prestaci\u00f3n de los servicios y\/o de retirarle o denegarle el acceso al Sitio al Usuario trasgresor, as\u00ed como quitarle o sacarlo del Registro.<\/p>\n\n\n\n<p><strong>El Sitio puede ser utilizado \u00fanicamente con fines l\u00edcitos.<\/strong><\/p>\n\n\n\n<p>Se encuentra terminantemente prohibido cualquier tipo de copia, distribuci\u00f3n, transmisi\u00f3n, retransmisi\u00f3n, publicaci\u00f3n, impresi\u00f3n, difusi\u00f3n y\/o explotaci\u00f3n comercial del material y\/o contenido puesto a disposici\u00f3n del p\u00fablico a trav\u00e9s de este Sitio, sin el previo consentimiento expreso y por escrito de Comer Bra&nbsp;o, en su caso, del titular de los derechos de propiedad correspondientes. El incumplimiento de lo mencionado sujetar\u00e1 al infractor a todos los reclamos civiles y sanciones penales que pudieran corresponder.<\/p>\n\n\n\n<p>LOS PADRES O TUTORES DE MENORES DE EDAD SER\u00c1N RESPONSABLES POR LOS ACTOS POR ELLOS REALIZADOS SEG\u00daN LO DISPUESTO POR ESTOS T\u00c9RMINOS Y CONDICIONES, INCLUYENDO LOS DA\u00d1OS CAUSADOS A TERCEROS, ACCIONES REALIZADAS POR ELLOS Y QUE EST\u00c9N PROHIBIDAS POR LEY Y POR LAS DISPOSICIONES DE ESTE ACUERDO, SIN PERJUICIO DE LA RESPONSABILIDAD DEL USUARIO, SIEMPRE QUE \u00c9STE NO FUESE PADRE O REPRESENTANTE LEGAL DEL MENOR INFRACTOR.<\/p>\n\n\n\n<p>Al momento del Registro de Usuario no se aceptar\u00e1n y podr\u00e1n ser cancelados en cualquier momento, direcciones de correo electr\u00f3nico (e-mails) o cualquier dato que contengan expresiones o conjuntos gr\u00e1ficos-denominativos que ya hayan sido escogidos anteriormente por otro Usuario o, que de alguna otra forma, fuesen injuriosos, altisonantes, coincidentes con marcas, nombres comerciales, anuncios de establecimientos, razones sociales de empresas, expresiones publicitarias, nombres y seud\u00f3nimos de personas de relevancia p\u00fablica, famosos o registrados por terceros, cuyo uso no est\u00e9 autorizado o que fuese en general, contrario a la ley o a las exigencias morales y de buenas costumbres generalmente aceptadas, as\u00ed como expresiones que pudieran inducir a otras personas por error, quedando claro que el Usuario responder\u00e1 por el uso indebido tanto en el \u00e1mbito civil como penal, si aplicase.<\/p>\n\n\n\n<p>El Usuario no deber\u00e1 subir, publicar o de cualquier otra forma disponer en el Sitio de cualquier material protegido por derechos de autor, registro de marcas o cualquier otro derecho de propiedad intelectual sin previa y expresa autorizaci\u00f3n del titular del mencionado derecho.<\/p>\n\n\n\n<p><strong>Pol\u00edticas de Reembolso y posibles incidentes con la entrega de tu producto de Comer Bra<\/strong><\/p>\n\n\n\n<p>Al comprar en Comer Bra (Comer Bra de RL de CV) a trav\u00e9s del sitio de internet Comer Bra.com o v\u00eda telef\u00f3nica, acepta nuestras Pol\u00edticas de Cancelaci\u00f3n y Reembolso que se mencionan a continuaci\u00f3n:<\/p>\n\n\n\n<ol class=\"wp-block-list\"><li><strong>A) EL DESTINATARIO NO SE ENCONTR\u00d3 EN EL DOMICILIO.<\/strong><\/li><\/ol>\n\n\n\n<ul class=\"wp-block-list\"><li>Se intentar\u00e1 dejar el producto con un familiar o vecino y se dejar\u00e1 una notificaci\u00f3n en el domicilio del destinatario indicando el paradero del mismo. En caso de ser oficina, restaurante, comercio, el tiempo m\u00e1ximo de espera del repartidor es de 10 minutos, transcurrido este lapso de tiempo se intentar\u00e1 dejar con alg\u00fan compa\u00f1ero de trabajo, recepci\u00f3n, asistente, etc.<\/li><\/ul>\n\n\n\n<p>Si no es posible dejar el producto con un vecino:<\/p>\n\n\n\n<ul class=\"wp-block-list\"><li>Se dejar\u00e1 una notificaci\u00f3n en el domicilio del destinatario dando a conocer que acudimos a realizar la entrega de su producto y que deber\u00e1 comunicarse con nosotros para proceder con la re-programaci\u00f3n y entrega del pedido al d\u00eda siguiente, tambi\u00e9n se enviar\u00e1 un email con la misma informaci\u00f3n al remitente. El segundo env\u00edo tendr\u00e1 un costo adicional por lo que al momento de hablar por tel\u00e9fono para la re-programaci\u00f3n la representante le calcular\u00e1 dicho costo.<\/li><\/ul>\n\n\n\n<p>En fechas especiales como, 1 de enero, 14 de Febrero y 10 de Mayo, 24 de diciembre u algunas otras fechas festivas, el correo electr\u00f3nico de \u201cPedido No entregado\u201d puede llegar despu\u00e9s de las 6:00PM o al d\u00eda siguiente.<\/p>\n\n\n\n<ol class=\"wp-block-list\"><li><strong>B) INCONFORMIDAD CON EL PRODUCTO.<\/strong><\/li><\/ol>\n\n\n\n<p>El Cliente que realice la compra&nbsp;tiene un m\u00e1ximo de 24 hrs. para reportarnos la inconformidad, pasado este tiempo, Comer Bra.com concluye su pol\u00edtica de garant\u00eda en el producto, ya que se trabaja con un producto perecedero.<\/p>\n\n\n\n<p>Para realizar una queja ingrese a su cuenta y en la secci\u00f3n de \u201cMi Cuenta\u201d encontrar\u00e1 el link de \u201cHistorial de Pedidos\u201d, en \u00e9sta, se encuentra un bot\u00f3n para levantar la queja y en un lapso m\u00e1ximo de 5 horas un representante se pondr\u00e1 en contacto v\u00eda telef\u00f3nica o enviando un email para darle seguimiento a su queja<\/p>\n\n\n\n<p>*COMER BRA.COM NO SE HACE RESPONSABLE POR DA\u00d1OS O FALTANTES EN PRODUCTO, CUANDO SE DEJA EN RECEPCI\u00d3N, VIGILANCIA O COMPA\u00d1ERO DE TRABAJO.<\/p>\n\n\n\n<ol class=\"wp-block-list\"><li><strong>C) REPROGRAMACIONES<\/strong><\/li><\/ol>\n\n\n\n<p>En caso de que el pedido&nbsp;<strong>NO<\/strong>&nbsp;se entregue:<\/p>\n\n\n\n<p>El cliente tendr\u00e1 que comunicarse dentro de las pr\u00f3ximas 24 hrs, de lo contrario, no se podr\u00e1 hacer una re-programaci\u00f3n y se dar\u00e1 por concluido el servicio sin posibilidad de reembolso monetario o cambio de cualquier tipo.<\/p>\n\n\n\n<p>El cliente que realice la compra, se compromete a proporcionar la siguiente informaci\u00f3n:<\/p>\n\n\n\n<ul class=\"wp-block-list\"><li>N\u00famero de pedido<\/li><li>Direcci\u00f3n de entrega<\/li><li>Bloque de horario de entrega<\/li><\/ul>\n\n\n\n<p>El env\u00edo por re-programaci\u00f3n tendr\u00e1 un costo adicional por lo que al momento de hablar por tel\u00e9fono para la re-programaci\u00f3n la representante le calcular\u00e1 dicho costo.<\/p>\n\n\n\n<ol class=\"wp-block-list\"><li><strong>D) DIRECCIONES CON ENTREGA CONDICIONADA<\/strong><\/li><\/ol>\n\n\n\n<p>Comer Bra trata de entregar el producto con forme a las reglas de cada lugar, pero no se hace responsable si estas impiden la entrega. Se tiene que considerar que algunas instituciones m\u00e9dicas no permiten la entrega en habitaciones. Comer Bra no realiza reembolsos si no se ha podido realizar la entrega debido a este motivo.<\/p>\n\n\n\n<ol class=\"wp-block-list\"><li><strong>E) ENTREGA DE PRODUCTOS RECHAZADOS<\/strong><\/li><\/ol>\n\n\n\n<p>En caso de que el destinatario no quiera recibir el producto se le notificar\u00e1 al comprador. En este caso no aplicar\u00e1 reembolso.<\/p>\n\n\n\n<ol class=\"wp-block-list\"><li><strong>F) PEDIDOS DUPLICADOS<\/strong><\/li><\/ol>\n\n\n\n<p>Si se han realizado dos o m\u00e1s pedidos id\u00e9nticos y se notifica de ello se puede cancelar el pedido duplicado, aplicando un reembolso por el monto total duplicado, siempre y cuando no se haya enviado y entregado el producto.<\/p>\n\n\n\n<ol class=\"wp-block-list\"><li><strong>G) CANCELACIONES<\/strong><\/li><\/ol>\n\n\n\n<p>Se permiten cancelaciones con reembolso solo hasta 12 horas antes de la fecha programada de entrega.<\/p>\n\n\n\n<ol class=\"wp-block-list\"><li><strong>H) COBERTURA<\/strong><\/li><\/ol>\n\n\n\n<p>En caso de haber realizado el pedido y no tener la cobertura en la direcci\u00f3n indicada si aplicar\u00e1 el reembolso por el monto total.<\/p>\n\n\n\n<ol class=\"wp-block-list\"><li><strong>I) HORARIOS DE ENTREGA<\/strong><\/li><\/ol>\n\n\n\n<p>Los productos se entregan en bloques de horario, cuando el pedido es entregado dentro del bloque de horario programado no se realizar\u00e1n reembolsos.<\/p>\n\n\n\n<ol class=\"wp-block-list\"><li><strong>J) DISPONIBILIDAD DE PRODUCTO<\/strong><\/li><\/ol>\n\n\n\n<p>En caso de no tener el producto disponible en la ciudad indicada, nos comunicaremos con usted para cambiar el producto por uno disponible o realizar la cancelaci\u00f3n del producto o pedido y aplicar\u00e1 el reembolso parcial o total.<\/p>\n\n\n\n<p>Vigencia de los t\u00e9rminos y condiciones<\/p>\n\n\n\n<p>La Empresa, as\u00ed como el Usuario, reconocen que los T\u00e9rminos y Condiciones son de vigencia ilimitada.<\/p>\n\n\n\n<p>Comer Bra se reserva el derecho de efectuar alteraciones al presente documento sin necesidad de previo aviso. Por lo anterior Comer Bra&nbsp;recomienda al Usuario que vuelva a leer con regularidad este documento, de forma que se mantenga siempre informado sobre eventuales modificaciones. Las alteraciones al Contrato se volver\u00e1n efectivas inmediatamente despu\u00e9s de su publicaci\u00f3n en el Sitio.<\/p>\n\n\n\n<p>Una vez realizadas las modificaciones, se presumir\u00e1 que el Usuario que contin\u00fae usando el Sitio tendr\u00e1 pleno conocimiento, habr\u00e1 le\u00eddo y consentido los T\u00e9rminos y Condiciones reformados.<\/p>\n\n\n\n<p>Comer Bra podr\u00e1 rescindir unilateralmente el presente instrumento, mediante previa notificaci\u00f3n al Usuario, en el plazo de 1 (un) d\u00eda, la notificaci\u00f3n puede ser, a elecci\u00f3n de la Empresa, en el Sitio o por escrito.<\/p>\n\n\n\n<p>Si Comer Bra&nbsp;rescinde los T\u00e9rminos y Condiciones o cierra la P\u00e1gina, ser\u00e1 con previo an\u00e1lisis del Estado de los Contratos, por tal Comer Bra no estar\u00e1 obligada a indemnizar al Usuario.<\/p>\n\n\n\n<p><strong>Jurisdicci\u00f3n:<\/strong>&nbsp;En caso que exista conflicto en relaci\u00f3n al Contrato, Comer Bra&nbsp;est\u00e1 en la total disposici\u00f3n de llegar a un acuerdo con el Usuario para la resoluci\u00f3n del Conflicto. Si no existe dicho acuerdo, y en los dem\u00e1s casos no relacionados con el Contrato, se llevara la instancia correspondiente ante la Procuradur\u00eda del Consumidor o bien ante los Tribunales de la Ciudad de M\u00e9xico.<\/p>\n\n\n\n<p><strong>Interpretaci\u00f3n:<\/strong>&nbsp;Para todo lo relativo a la interpretaci\u00f3n de los presentes t\u00e9rminos y condiciones se estar\u00e1 a lo dispuesto a los mismos, al glosario que como usuario puedes consultar, al aviso de privacidad, as\u00ed como a todas las disposiciones que contengan los presentes t\u00e9rminos y condiciones y a nuestra legislaci\u00f3n mexicana vigente en el Distrito Federal.<\/p>\n\n\n\n<p><strong>Protecci\u00f3n de los Datos:<\/strong>&nbsp;Los datos proporcionados por el Usuario ser\u00e1n tratados de acuerdo con las leyes de protecci\u00f3n de datos aplicables, a lo cual el Usuario presta su consentimiento expreso. El Usuario podr\u00e1 ejercitar sus derechos de acceso, rectificaci\u00f3n y cancelaci\u00f3n mediante comunicaci\u00f3n escrita con la Empresa. El titular de los datos personales tiene la facultad de ejercer el derecho de acceso a los mismos en forma gratuita. Para efectos de los Datos Personales, el Usuario y deber\u00e1 revisar el Aviso de Privacidad que se encuentra en el Sitio.<\/p>\n\n\n\n<p><strong>Acceso y uso del Sitio:<\/strong>&nbsp;Tanto el Sitio como cualesquiera otros Sitios de cualquier otra forma disponibles en el Sitio (en lo sucesivo los \u201cMicrositios\u201d) son propiedad privada y cualesquiera interacciones deben realizarse de acuerdo con el presente documento. Sin perjuicio de las dem\u00e1s obligaciones del Usuario establecidas seg\u00fan se establece en \u00e9stos T\u00e9rminos y Condiciones, el Usuario se obliga a (i) no utilizar los contenidos y productos del Sitio con la finalidad de faltar a la ley, la moral, las buenas costumbres, las reglas y derechos de propiedad intelectual, la dignidad, la vida privada, la imagen, la intimidad personal y familiar; (ii) observar los m\u00e1s elevados patrones \u00e9ticos y morales vigentes en Internet y las leyes nacionales e internacionales aplicables: (iii) no utilizar el Registro de Usuario, contenidos y productos proporcionados conforme a \u00e9stos T\u00e9rminos y Condiciones para transmitir o divulgar material ilegal, difamatorio, que viole, o sea abusivo, amenazador, obsceno, perjudicial, vulgar, injurioso o de cualquier otra forma censurable; (iv) no enviar mensajes que no hubiesen sido solicitados, reconocidos como spam, junk mail o cadenas de correspondencia (chainletters); no utilizar los Servicios tipo contenidos y los productos proporcionados conforme \u00e9stos T\u00e9rminos y Condiciones para enviar\/divulgar cualquier tipo de virus o archivos que contengan cualquier de virus o que pudiesen causar da\u00f1os a su destinatario o a terceros; (v) cumplir con todas las leyes aplicables con relaci\u00f3n a la transmisi\u00f3n de datos desde M\u00e9xico o del territorio en que el Usuario resida; (vi) no obtener o intentar obtener acceso a otros sistemas de redes o de computadoras conectados a los contenidos y productos del Sitio; (vii) responsabilizarse \u00edntegramente del contenido de los correos electr\u00f3nicos que se van a retransmitir as\u00ed como del contenido e informaci\u00f3n que se pusieran a disposici\u00f3n en las Promociones del Sitio; (viii) no interferir o interrumpir los Servicios o los servidores o redes conectados a los Servicios, contenidos y productos abastecidos por medio del Sitio o de los Micrositios; y (ix) cumplir con los procedimientos, normas y reglamentos aplicables a los contenidos y productos del Sitio, divulgados en las p\u00e1ginas y enlaces de cada contenido de los Micrositios.<\/p>\n\n\n\n<p>El Usuario no deber\u00e1 enviar o transmitir por medio del Sitio cualquier contenido o informaci\u00f3n que contenga cualquier propaganda o propuesta relacionada con cualesquiera productos y\/o servicios. El Usuario no podr\u00e1 divulgar o hacer cualquier oferta comercial, religiosa, pol\u00edtica o cualquier otra oferta incluso sin fines comerciales, incluyendo pero sin limitar las ofertas a los Usuarios para que se conviertan en Usuarios de otros servicios que de cualquier manera pudiesen competir con los Servicios prestados por la Empresa.<\/p>\n\n\n\n<p><strong>Pol\u00edtica de Facturaci\u00f3n<\/strong><\/p>\n\n\n\n<ol class=\"wp-block-list\"><li>Deber\u00e1 llamar al Centro de Atenci\u00f3n a Clientes en el Distrito Federal 5544355340 para solicitar la factura dentro del mes en curso en que realiz\u00f3 su compra. No proceder\u00e1n las solicitudes de facturas de compras de meses anteriores.<\/li><li>Al solicitar su factura ser\u00e1 necesario que tenga a la mano y proporcione los siguientes requisitos Fiscales:<ul><li>RFC con Homoclave<\/li><li>Nombre completo o raz\u00f3n social<\/li><li>Domicilio Fiscal completo incluyendo calle, colonia, delegaci\u00f3n o municipio, estado y c\u00f3digo postal<\/li><li>Forma en la que realizo el Pago ya se efectivo, transferencias electr\u00f3nicas de fondos, cheques nominativos o tarjetas de d\u00e9bito, de cr\u00e9dito, de servicio o las denominadas monederos electr\u00f3nicos que autorice el Servicio de Administraci\u00f3n Tributaria<\/li><li>Indicar al menos los \u00faltimos 4 d\u00edgitos de su cuenta de pago<\/li><\/ul><\/li><li>Deber\u00e1 proporcionar su e-mail donde le llegar\u00e1 su factura, en un plazo no mayor a 5 d\u00edas h\u00e1biles.<\/li><\/ol>\n\n\n\n<p>Cualquier conducta del Usuario que, a criterio exclusivo de la Empresa, pudiera restringir o inhibir el uso del Sitio o de los Micrositios por otros Usuarios, terceros, o Comer Bra&nbsp;queda expresamente prohibida.<\/p>\n","protected":false},"excerpt":{"rendered":"<p>Terminos y condiciones Comer Bra de RL de CV en lo sucesivo la \u201cEmpresa\u201d, a trav\u00e9s de su p\u00e1gina de Internet denominada www.comerbra.com vender\u00e1 a cualquier persona, quien ser\u00e1 identificada como \u201cUsuario\u201d quien podr\u00e1 adquirir todo tipo de bienes que se encuentren publicados. P\u00e1gina de Internet de la Empresa: Es el sitio Web de Comer [&hellip;]<\/p>\n","protected":false},"author":1,"featured_media":0,"parent":4268,"menu_order":0,"comment_status":"closed","ping_status":"closed","template":"","meta":{"site-sidebar-layout":"default","site-content-layout":"default","ast-site-content-layout":"","site-content-style":"default","site-sidebar-style":"default","ast-global-header-display":"","ast-banner-title-visibility":"","ast-main-header-display":"","ast-hfb-above-header-display":"","ast-hfb-below-header-display":"","ast-hfb-mobile-header-display":"","site-post-title":"","ast-breadcrumbs-content":"","ast-featured-img":"","footer-sml-layout":"","theme-transparent-header-meta":"default","adv-header-id-meta":"","stick-header-meta":"","header-above-stick-meta":"","header-main-stick-meta":"","header-below-stick-meta":"","astra-migrate-meta-layouts":"default","ast-page-background-enabled":"default","ast-page-background-meta":{"desktop":{"background-color":"","background-image":"","background-repeat":"repeat","background-position":"center center","background-size":"auto","background-attachment":"scroll","background-type":"","background-media":"","overlay-type":"","overlay-color":"","overlay-gradient":""},"tablet":{"background-color":"","background-image":"","background-repeat":"repeat","background-position":"center center","background-size":"auto","background-attachment":"scroll","background-type":"","background-media":"","overlay-type":"","overlay-color":"","overlay-gradient":""},"mobile":{"background-color":"","background-image":"","background-repeat":"repeat","background-position":"center center","background-size":"auto","background-attachment":"scroll","background-type":"","background-media":"","overlay-type":"","overlay-color":"","overlay-gradient":""}},"ast-content-background-meta":{"desktop":{"background-color":"var(--ast-global-color-5)","background-image":"","background-repeat":"repeat","background-position":"center center","background-size":"auto","background-attachment":"scroll","background-type":"","background-media":"","overlay-type":"","overlay-color":"","overlay-gradient":""},"tablet":{"background-color":"var(--ast-global-color-5)","background-image":"","background-repeat":"repeat","background-position":"center center","background-size":"auto","background-attachment":"scroll","background-type":"","background-media":"","overlay-type":"","overlay-color":"","overlay-gradient":""},"mobile":{"background-color":"var(--ast-global-color-5)","background-image":"","background-repeat":"repeat","background-position":"center center","background-size":"auto","background-attachment":"scroll","background-type":"","background-media":"","overlay-type":"","overlay-color":"","overlay-gradient":""}},"footnotes":""},"class_list":["post-4423","page","type-page","status-publish","hentry"],"_links":{"self":[{"href":"https:\/\/xerac.com.mx\/bra\/wp-json\/wp\/v2\/pages\/4423","targetHints":{"allow":["GET"]}}],"collection":[{"href":"https:\/\/xerac.com.mx\/bra\/wp-json\/wp\/v2\/pages"}],"about":[{"href":"https:\/\/xerac.com.mx\/bra\/wp-json\/wp\/v2\/types\/page"}],"author":[{"embeddable":true,"href":"https:\/\/xerac.com.mx\/bra\/wp-json\/wp\/v2\/users\/1"}],"replies":[{"embeddable":true,"href":"https:\/\/xerac.com.mx\/bra\/wp-json\/wp\/v2\/comments?post=4423"}],"version-history":[{"count":1,"href":"https:\/\/xerac.com.mx\/bra\/wp-json\/wp\/v2\/pages\/4423\/revisions"}],"predecessor-version":[{"id":4424,"href":"https:\/\/xerac.com.mx\/bra\/wp-json\/wp\/v2\/pages\/4423\/revisions\/4424"}],"up":[{"embeddable":true,"href":"https:\/\/xerac.com.mx\/bra\/wp-json\/wp\/v2\/pages\/4268"}],"wp:attachment":[{"href":"https:\/\/xerac.com.mx\/bra\/wp-json\/wp\/v2\/media?parent=4423"}],"curies":[{"name":"wp","href":"https:\/\/api.w.org\/{rel}","templated":true}]}}